{"id":772,"date":"2025-01-17T14:24:11","date_gmt":"2025-01-17T20:24:11","guid":{"rendered":"https:\/\/www.numerosdeangeles.com\/site\/?page_id=772"},"modified":"2025-01-23T12:55:14","modified_gmt":"2025-01-23T18:55:14","slug":"mi-home","status":"publish","type":"page","link":"https:\/\/www.numerosdeangeles.com\/site\/","title":{"rendered":"Mi Home"},"content":{"rendered":"<p>[et_pb_section fb_built=&#8221;1&#8243; _builder_version=&#8221;4.27.4&#8243; _module_preset=&#8221;default&#8221; use_background_color_gradient=&#8221;on&#8221; background_color_gradient_type=&#8221;elliptical&#8221; background_color_gradient_direction_radial=&#8221;bottom left&#8221; background_color_gradient_stops=&#8221;#29c4a9 16%|#8300e9 86%&#8221; background_enable_image=&#8221;off&#8221; custom_margin=&#8221;0.6%||0.3%||false|false&#8221; custom_padding=&#8221;||||false|false&#8221; global_colors_info=&#8221;{}&#8221;][et_pb_row _builder_version=&#8221;4.27.4&#8243; _module_preset=&#8221;default&#8221; custom_margin=&#8221;3%||3%||false|false&#8221; custom_padding=&#8221;5px|0px|5px|0px|false|false&#8221; border_radii=&#8221;on|6px|6px|6px|6px&#8221; border_width_all=&#8221;3px&#8221; border_color_all=&#8221;#FFFFFF&#8221; global_colors_info=&#8221;{}&#8221;][et_pb_column type=&#8221;4_4&#8243; _builder_version=&#8221;4.27.4&#8243; _module_preset=&#8221;default&#8221; global_colors_info=&#8221;{}&#8221;][et_pb_heading title=&#8221;Lista de n\u00fameros angelicales \u2013 0 al 999&#8243; _builder_version=&#8221;4.27.4&#8243; _module_preset=&#8221;default&#8221; title_text_color=&#8221;#FFFFFF&#8221; title_text_align=&#8221;center&#8221; hover_enabled=&#8221;0&#8243; sticky_enabled=&#8221;0&#8243;][\/et_pb_heading][\/et_pb_column][\/et_pb_row][et_pb_row _builder_version=&#8221;4.27.4&#8243; _module_preset=&#8221;default&#8221;][et_pb_column _builder_version=&#8221;4.27.4&#8243; _module_preset=&#8221;default&#8221; type=&#8221;4_4&#8243;][et_pb_text _builder_version=&#8221;4.27.4&#8243; _module_preset=&#8221;default&#8221; text_text_color=&#8221;#FFFFFF&#8221; hover_enabled=&#8221;0&#8243; sticky_enabled=&#8221;0&#8243;]<\/p>\n<p><strong>Cada una de las imagenes te llevan a un grupo de n\u00fameros en el orden del 0 hasta el 999. Elige el grupo al que pertenece el n\u00famero angelical que deseas consultar para que encuentres el mensaje que los \u00e1ngeles te est\u00e1n enviando en forma de secuencia n\u00famerica.<\/strong><\/p>\n<p>[\/et_pb_text][\/et_pb_column][\/et_pb_row][et_pb_row column_structure=&#8221;1_3,1_3,1_3&#8243; _builder_version=&#8221;4.27.4&#8243; _module_preset=&#8221;default&#8221; custom_margin=&#8221;3%||3%||false|false&#8221; custom_padding=&#8221;5px|0px|5px|0px|false|false&#8221; border_radii=&#8221;on|6px|6px|6px|6px&#8221; border_width_all=&#8221;3px&#8221; border_color_all=&#8221;#FFFFFF&#8221; global_colors_info=&#8221;{}&#8221;][et_pb_column type=&#8221;1_3&#8243; _builder_version=&#8221;4.27.4&#8243; _module_preset=&#8221;default&#8221; global_colors_info=&#8221;{}&#8221;][et_pb_blurb title=&#8221;Introducci\u00f3n a los n\u00fameros de \u00e1ngeles&#8221; url=&#8221;@ET-DC@eyJkeW5hbWljIjp0cnVlLCJjb250ZW50IjoicG9zdF9saW5rX3VybF9wb3N0Iiwic2V0dGluZ3MiOnsicG9zdF9pZCI6Ijg0NCJ9fQ==@&#8221; url_new_window=&#8221;on&#8221; image=&#8221;https:\/\/www.numerosdeangeles.com\/site\/wp-content\/uploads\/Aneglita_1.jpg&#8221; alt=&#8221;Angelita 1&#8243; image_icon_width=&#8221;65%&#8221; content_max_width=&#8221;80%&#8221; _builder_version=&#8221;4.27.4&#8243; _dynamic_attributes=&#8221;url&#8221; _module_preset=&#8221;default&#8221; header_level=&#8221;h2&#8243; header_font=&#8221;|700|||||||&#8221; header_text_align=&#8221;center&#8221; header_text_color=&#8221;#FFFFFF&#8221; body_text_align=&#8221;center&#8221; body_text_color=&#8221;#FFFFFF&#8221; width=&#8221;100%&#8221; module_alignment=&#8221;center&#8221; custom_margin=&#8221;||||true|true&#8221; custom_padding=&#8221;10%|0px|10%|0px|true|true&#8221; link_option_url=&#8221;https:\/\/www.numerosdeangeles.com\/site\/numeros-angelicales-introduccion\/&#8221; link_option_url_new_window=&#8221;on&#8221; global_colors_info=&#8221;{}&#8221;]<\/p>\n<p style=\"text-align: center;\">Conoce c\u00f3mo funcionan los mensajes \u00e1ngelicales con n\u00fameros.<\/p>\n<p>[\/et_pb_blurb][\/et_pb_column][et_pb_column type=&#8221;1_3&#8243; _builder_version=&#8221;4.27.4&#8243; _module_preset=&#8221;default&#8221; global_colors_info=&#8221;{}&#8221;][et_pb_blurb title=&#8221;N\u00fameros angelicales del 0 al 100&#8243; url_new_window=&#8221;on&#8221; image=&#8221;https:\/\/www.numerosdeangeles.com\/site\/wp-content\/uploads\/Angelita_2.jpg&#8221; alt=&#8221;Angelita en el cielo&#8221; image_icon_width=&#8221;65%&#8221; content_max_width=&#8221;80%&#8221; _builder_version=&#8221;4.27.4&#8243; _module_preset=&#8221;default&#8221; header_level=&#8221;h2&#8243; header_font=&#8221;|700|||||||&#8221; header_text_align=&#8221;center&#8221; header_text_color=&#8221;#FFFFFF&#8221; body_text_align=&#8221;center&#8221; body_text_color=&#8221;#FFFFFF&#8221; width=&#8221;100%&#8221; module_alignment=&#8221;center&#8221; custom_margin=&#8221;||||true|true&#8221; custom_padding=&#8221;10%|0px|10%|0px|true|true&#8221; link_option_url=&#8221;https:\/\/www.numerosdeangeles.com\/site\/numeros-angelicales-del-0-al-100\/&#8221; link_option_url_new_window=&#8221;on&#8221; global_colors_info=&#8221;{}&#8221;]<\/p>\n<p style=\"text-align: center;\">Lista de n\u00fameros de \u00e1ngeles del<br \/>0 al 100<\/p>\n<p>[\/et_pb_blurb][\/et_pb_column][et_pb_column type=&#8221;1_3&#8243; _builder_version=&#8221;4.27.4&#8243; _module_preset=&#8221;default&#8221; global_colors_info=&#8221;{}&#8221;][et_pb_blurb title=&#8221;N\u00fameros de \u00e1ngeles del 101 al 200&#8243; url=&#8221;https:\/\/www.numerosdeangeles.com\/site\/numeros-angelicales-del-101-al-200\/&#8221; url_new_window=&#8221;on&#8221; image=&#8221;https:\/\/www.numerosdeangeles.com\/site\/wp-content\/uploads\/Angelita_3.jpg&#8221; alt=&#8221;Angelita de colores&#8221; image_icon_width=&#8221;65%&#8221; content_max_width=&#8221;80%&#8221; _builder_version=&#8221;4.27.4&#8243; _module_preset=&#8221;default&#8221; header_level=&#8221;h2&#8243; header_font=&#8221;|700|||||||&#8221; header_text_align=&#8221;center&#8221; header_text_color=&#8221;#FFFFFF&#8221; body_text_align=&#8221;center&#8221; body_text_color=&#8221;#FFFFFF&#8221; width=&#8221;100%&#8221; module_alignment=&#8221;center&#8221; custom_margin=&#8221;||||true|true&#8221; custom_padding=&#8221;10%|0px|10%|0px|true|true&#8221; link_option_url=&#8221;https:\/\/www.numerosdeangeles.com\/site\/numeros-angelicales-del-101-al-200\/&#8221; link_option_url_new_window=&#8221;on&#8221; global_colors_info=&#8221;{}&#8221;]<\/p>\n<p>Lista de de n\u00fameros de \u00e1ngeles del<br \/>101 al 200<\/p>\n<p>[\/et_pb_blurb][\/et_pb_column][\/et_pb_row][et_pb_row column_structure=&#8221;1_3,1_3,1_3&#8243; _builder_version=&#8221;4.27.4&#8243; _module_preset=&#8221;default&#8221; custom_margin=&#8221;3%||3%||false|false&#8221; custom_padding=&#8221;5px|0px|5px|0px|false|false&#8221; border_radii=&#8221;on|6px|6px|6px|6px&#8221; border_width_all=&#8221;3px&#8221; border_color_all=&#8221;#FFFFFF&#8221; global_colors_info=&#8221;{}&#8221;][et_pb_column type=&#8221;1_3&#8243; _builder_version=&#8221;4.27.4&#8243; _module_preset=&#8221;default&#8221; global_colors_info=&#8221;{}&#8221;][et_pb_blurb title=&#8221;N\u00fameros de \u00e1ngeles del 201 al 300&#8243; url=&#8221;https:\/\/www.numerosdeangeles.com\/site\/numeros-angelicales-del-201-al-300\/&#8221; url_new_window=&#8221;on&#8221; image=&#8221;https:\/\/www.numerosdeangeles.com\/site\/wp-content\/uploads\/Angelita_4.jpg&#8221; alt=&#8221;Angela en un jardin&#8221; image_icon_width=&#8221;65%&#8221; content_max_width=&#8221;80%&#8221; _builder_version=&#8221;4.27.4&#8243; _module_preset=&#8221;default&#8221; header_level=&#8221;h2&#8243; header_font=&#8221;|700|||||||&#8221; header_text_align=&#8221;center&#8221; header_text_color=&#8221;#FFFFFF&#8221; body_text_align=&#8221;center&#8221; body_text_color=&#8221;#FFFFFF&#8221; width=&#8221;100%&#8221; module_alignment=&#8221;center&#8221; custom_margin=&#8221;||||true|true&#8221; custom_padding=&#8221;10%|0px|10%|0px|true|true&#8221; link_option_url=&#8221;https:\/\/www.numerosdeangeles.com\/site\/numeros-angelicales-del-201-al-300\/&#8221; link_option_url_new_window=&#8221;on&#8221; global_colors_info=&#8221;{}&#8221;]<\/p>\n<p>Lista de n\u00fameros de \u00e1ngeles del<br \/>201 al 300<\/p>\n<p>[\/et_pb_blurb][\/et_pb_column][et_pb_column type=&#8221;1_3&#8243; _builder_version=&#8221;4.27.4&#8243; _module_preset=&#8221;default&#8221; global_colors_info=&#8221;{}&#8221;][et_pb_blurb title=&#8221;N\u00fameros de \u00e1ngeles del 301 al 400&#8243; url=&#8221;https:\/\/www.numerosdeangeles.com\/site\/numeros-angelicales-del-301-al-400\/&#8221; url_new_window=&#8221;on&#8221; image=&#8221;https:\/\/www.numerosdeangeles.com\/site\/wp-content\/uploads\/Angelita_5.jpg&#8221; alt=&#8221;Angel entre nubes&#8221; image_icon_width=&#8221;65%&#8221; content_max_width=&#8221;80%&#8221; _builder_version=&#8221;4.27.4&#8243; _module_preset=&#8221;default&#8221; header_level=&#8221;h2&#8243; header_font=&#8221;|700|||||||&#8221; header_text_align=&#8221;center&#8221; header_text_color=&#8221;#FFFFFF&#8221; body_text_align=&#8221;center&#8221; body_text_color=&#8221;#FFFFFF&#8221; width=&#8221;100%&#8221; module_alignment=&#8221;center&#8221; custom_margin=&#8221;||||true|true&#8221; custom_padding=&#8221;10%|0px|10%|0px|true|true&#8221; link_option_url=&#8221;https:\/\/www.numerosdeangeles.com\/site\/numeros-angelicales-del-301-al-400\/&#8221; link_option_url_new_window=&#8221;on&#8221; global_colors_info=&#8221;{}&#8221;]<\/p>\n<p>Lista de n\u00fameros de \u00e1ngeles del<br \/>301 al 400<\/p>\n<p>[\/et_pb_blurb][\/et_pb_column][et_pb_column type=&#8221;1_3&#8243; _builder_version=&#8221;4.27.4&#8243; _module_preset=&#8221;default&#8221; global_colors_info=&#8221;{}&#8221;][et_pb_blurb title=&#8221;N\u00fameros de \u00e1ngeles del 401 al 500&#8243; url=&#8221;https:\/\/www.numerosdeangeles.com\/site\/numeros-angelicales-del-401-al-500\/&#8221; url_new_window=&#8221;on&#8221; image=&#8221;https:\/\/www.numerosdeangeles.com\/site\/wp-content\/uploads\/Angelita_6.jpg&#8221; alt=&#8221;Angel y la luna&#8221; image_icon_width=&#8221;65%&#8221; content_max_width=&#8221;80%&#8221; _builder_version=&#8221;4.27.4&#8243; _module_preset=&#8221;default&#8221; header_level=&#8221;h2&#8243; header_font=&#8221;|700|||||||&#8221; header_text_align=&#8221;center&#8221; header_text_color=&#8221;#FFFFFF&#8221; body_text_align=&#8221;center&#8221; body_text_color=&#8221;#FFFFFF&#8221; width=&#8221;100%&#8221; module_alignment=&#8221;center&#8221; custom_margin=&#8221;||||true|true&#8221; custom_padding=&#8221;10%|0px|10%|0px|true|true&#8221; link_option_url=&#8221;https:\/\/www.numerosdeangeles.com\/site\/numeros-angelicales-del-401-al-500\/&#8221; link_option_url_new_window=&#8221;on&#8221; global_colors_info=&#8221;{}&#8221;]<\/p>\n<p>Lista de n\u00fameros de \u00e1ngeles del<br \/>401 al 500<\/p>\n<p>[\/et_pb_blurb][\/et_pb_column][\/et_pb_row][et_pb_row column_structure=&#8221;1_3,1_3,1_3&#8243; _builder_version=&#8221;4.27.4&#8243; _module_preset=&#8221;default&#8221; custom_margin=&#8221;3%||3%||false|false&#8221; custom_padding=&#8221;5px|0px|5px|0px|false|false&#8221; border_radii=&#8221;on|6px|6px|6px|6px&#8221; border_width_all=&#8221;3px&#8221; border_color_all=&#8221;#FFFFFF&#8221; global_colors_info=&#8221;{}&#8221;][et_pb_column type=&#8221;1_3&#8243; _builder_version=&#8221;4.27.4&#8243; _module_preset=&#8221;default&#8221; global_colors_info=&#8221;{}&#8221;][et_pb_blurb title=&#8221;N\u00fameros de \u00e1ngeles del 501 al 600&#8243; url=&#8221;https:\/\/www.numerosdeangeles.com\/site\/numeros-angelicales-del-501-al-600-energia-y-cambio\/&#8221; url_new_window=&#8221;on&#8221; image=&#8221;https:\/\/www.numerosdeangeles.com\/site\/wp-content\/uploads\/Angelita_7.jpg&#8221; alt=&#8221;Angela sobre fondo negro&#8221; image_icon_width=&#8221;65%&#8221; content_max_width=&#8221;80%&#8221; _builder_version=&#8221;4.27.4&#8243; _module_preset=&#8221;default&#8221; header_level=&#8221;h2&#8243; header_font=&#8221;|700|||||||&#8221; header_text_align=&#8221;center&#8221; header_text_color=&#8221;#FFFFFF&#8221; body_text_align=&#8221;center&#8221; body_text_color=&#8221;#FFFFFF&#8221; width=&#8221;100%&#8221; module_alignment=&#8221;center&#8221; custom_margin=&#8221;||||true|true&#8221; custom_padding=&#8221;10%|0px|10%|0px|true|true&#8221; link_option_url=&#8221;https:\/\/www.numerosdeangeles.com\/site\/numeros-angelicales-del-501-al-600-energia-y-cambio\/&#8221; link_option_url_new_window=&#8221;on&#8221; global_colors_info=&#8221;{}&#8221;]<\/p>\n<p>Lista de n\u00fameros de \u00e1ngeles del<br \/>501 al 60<\/p>\n<p>[\/et_pb_blurb][\/et_pb_column][et_pb_column type=&#8221;1_3&#8243; _builder_version=&#8221;4.27.4&#8243; _module_preset=&#8221;default&#8221; global_colors_info=&#8221;{}&#8221;][et_pb_blurb title=&#8221;N\u00fameros de \u00e1ngeles del 601 al 700&#8243; url=&#8221;https:\/\/www.numerosdeangeles.com\/site\/numeros-angelicales-del-601-al-700\/&#8221; url_new_window=&#8221;on&#8221; image=&#8221;https:\/\/www.numerosdeangeles.com\/site\/wp-content\/uploads\/Angelita_8.jpg&#8221; alt=&#8221;a woman with wings and a dress&#8221; image_icon_width=&#8221;65%&#8221; content_max_width=&#8221;80%&#8221; _builder_version=&#8221;4.27.4&#8243; _module_preset=&#8221;default&#8221; header_level=&#8221;h2&#8243; header_font=&#8221;|700|||||||&#8221; header_text_align=&#8221;center&#8221; header_text_color=&#8221;#FFFFFF&#8221; body_text_align=&#8221;center&#8221; body_text_color=&#8221;#FFFFFF&#8221; width=&#8221;100%&#8221; module_alignment=&#8221;center&#8221; custom_margin=&#8221;||||true|true&#8221; custom_padding=&#8221;10%|0px|10%|0px|true|true&#8221; link_option_url=&#8221;https:\/\/www.numerosdeangeles.com\/site\/numeros-angelicales-del-601-al-700\/&#8221; link_option_url_new_window=&#8221;on&#8221; global_colors_info=&#8221;{}&#8221;]<\/p>\n<p>Lista de n\u00fameros de \u00e1ngeles del<br \/>601 al 700<\/p>\n<p>[\/et_pb_blurb][\/et_pb_column][et_pb_column type=&#8221;1_3&#8243; _builder_version=&#8221;4.27.4&#8243; _module_preset=&#8221;default&#8221; global_colors_info=&#8221;{}&#8221;][et_pb_blurb title=&#8221;N\u00fameros de \u00e1ngeles del 701 al 800&#8243; url=&#8221;https:\/\/www.numerosdeangeles.com\/site\/numeros-angelicales-del-701-al-800\/&#8221; url_new_window=&#8221;on&#8221; image=&#8221;https:\/\/www.numerosdeangeles.com\/site\/wp-content\/uploads\/Angelita_10.jpg&#8221; alt=&#8221;Angel entre flores&#8221; image_icon_width=&#8221;65%&#8221; content_max_width=&#8221;80%&#8221; _builder_version=&#8221;4.27.4&#8243; _module_preset=&#8221;default&#8221; header_level=&#8221;h2&#8243; header_font=&#8221;|700|||||||&#8221; header_text_align=&#8221;center&#8221; header_text_color=&#8221;#FFFFFF&#8221; body_text_align=&#8221;center&#8221; body_text_color=&#8221;#FFFFFF&#8221; width=&#8221;100%&#8221; module_alignment=&#8221;center&#8221; custom_margin=&#8221;||||true|true&#8221; custom_padding=&#8221;10%|0px|10%|0px|true|true&#8221; link_option_url=&#8221;https:\/\/www.numerosdeangeles.com\/site\/numeros-angelicales-del-701-al-800\/&#8221; link_option_url_new_window=&#8221;on&#8221; global_colors_info=&#8221;{}&#8221;]<\/p>\n<p>Lista de n\u00fameros de \u00e1ngeles del<br \/>701 al 800<\/p>\n<p>[\/et_pb_blurb][\/et_pb_column][\/et_pb_row][et_pb_row column_structure=&#8221;1_2,1_2&#8243; _builder_version=&#8221;4.27.4&#8243; _module_preset=&#8221;default&#8221; custom_margin=&#8221;3%||3%||false|false&#8221; custom_padding=&#8221;5px|0px|5px|0px|false|false&#8221; border_radii=&#8221;on|6px|6px|6px|6px&#8221; border_width_all=&#8221;3px&#8221; border_color_all=&#8221;#FFFFFF&#8221; global_colors_info=&#8221;{}&#8221;][et_pb_column type=&#8221;1_2&#8243; _builder_version=&#8221;4.27.4&#8243; _module_preset=&#8221;default&#8221; global_colors_info=&#8221;{}&#8221;][et_pb_blurb title=&#8221;N\u00fameros de \u00e1ngeles del 801 al 900&#8243; url=&#8221;https:\/\/www.numerosdeangeles.com\/site\/numeros-angelicales-del-801-al-900\/&#8221; url_new_window=&#8221;on&#8221; image=&#8221;https:\/\/www.numerosdeangeles.com\/site\/wp-content\/uploads\/Angelita_11.jpeg&#8221; alt=&#8221;Angel en cielo nocturno&#8221; image_icon_width=&#8221;65%&#8221; content_max_width=&#8221;50%&#8221; _builder_version=&#8221;4.27.4&#8243; _module_preset=&#8221;default&#8221; header_level=&#8221;h2&#8243; header_font=&#8221;|700|||||||&#8221; header_text_align=&#8221;center&#8221; header_text_color=&#8221;#FFFFFF&#8221; body_text_align=&#8221;center&#8221; body_text_color=&#8221;#FFFFFF&#8221; width=&#8221;100%&#8221; module_alignment=&#8221;center&#8221; custom_margin=&#8221;||||true|true&#8221; custom_padding=&#8221;10%|0px|10%|0px|true|true&#8221; link_option_url=&#8221;https:\/\/www.numerosdeangeles.com\/site\/numeros-angelicales-del-801-al-900\/&#8221; link_option_url_new_window=&#8221;on&#8221; global_colors_info=&#8221;{}&#8221;]<\/p>\n<p>Lista de n\u00fameros de \u00e1ngeles del<br \/>801 al 900<\/p>\n<p>[\/et_pb_blurb][\/et_pb_column][et_pb_column type=&#8221;1_2&#8243; _builder_version=&#8221;4.27.4&#8243; _module_preset=&#8221;default&#8221; global_colors_info=&#8221;{}&#8221;][et_pb_blurb title=&#8221;N\u00fameros de \u00e1ngeles del 901 al 999&#8243; url=&#8221;https:\/\/www.numerosdeangeles.com\/site\/numeros-angelicales-del-901-al-999\/&#8221; url_new_window=&#8221;on&#8221; image=&#8221;https:\/\/www.numerosdeangeles.com\/site\/wp-content\/uploads\/Angelita_12.jpeg&#8221; alt=&#8221;Angela Morena en el cielo&#8221; image_icon_width=&#8221;65%&#8221; content_max_width=&#8221;50%&#8221; _builder_version=&#8221;4.27.4&#8243; _module_preset=&#8221;default&#8221; header_level=&#8221;h2&#8243; header_font=&#8221;|700|||||||&#8221; header_text_align=&#8221;center&#8221; header_text_color=&#8221;#FFFFFF&#8221; body_text_align=&#8221;center&#8221; body_text_color=&#8221;#FFFFFF&#8221; width=&#8221;100%&#8221; module_alignment=&#8221;center&#8221; custom_margin=&#8221;||||true|true&#8221; custom_padding=&#8221;10%|0px|10%|0px|true|true&#8221; link_option_url=&#8221;https:\/\/www.numerosdeangeles.com\/site\/numeros-angelicales-del-901-al-999\/&#8221; link_option_url_new_window=&#8221;on&#8221; global_colors_info=&#8221;{}&#8221;]<\/p>\n<p>Lista de n\u00fameros de \u00e1ngeles del<br \/>901 al 999<\/p>\n<p>[\/et_pb_blurb][\/et_pb_column][\/et_pb_row][\/et_pb_section]<\/p>\n","protected":false},"excerpt":{"rendered":"<p>Cada una de las imagenes te llevan a un grupo de n\u00fameros en el orden del 0 hasta el 999. Elige el grupo al que pertenece el n\u00famero angelical que deseas consultar para que encuentres el mensaje que los \u00e1ngeles te est\u00e1n enviando en forma de secuencia n\u00famerica.Conoce c\u00f3mo funcionan los mensajes \u00e1ngelicales con n\u00fameros.Lista [&hellip;]<\/p>\n","protected":false},"author":1,"featured_media":0,"parent":0,"menu_order":0,"comment_status":"closed","ping_status":"closed","template":"","meta":{"_et_pb_use_builder":"on","_et_pb_old_content":"","_et_gb_content_width":"","footnotes":""},"class_list":["post-772","page","type-page","status-publish","hentry"],"_links":{"self":[{"href":"https:\/\/www.numerosdeangeles.com\/site\/wp-json\/wp\/v2\/pages\/772","targetHints":{"allow":["GET"]}}],"collection":[{"href":"https:\/\/www.numerosdeangeles.com\/site\/wp-json\/wp\/v2\/pages"}],"about":[{"href":"https:\/\/www.numerosdeangeles.com\/site\/wp-json\/wp\/v2\/types\/page"}],"author":[{"embeddable":true,"href":"https:\/\/www.numerosdeangeles.com\/site\/wp-json\/wp\/v2\/users\/1"}],"replies":[{"embeddable":true,"href":"https:\/\/www.numerosdeangeles.com\/site\/wp-json\/wp\/v2\/comments?post=772"}],"version-history":[{"count":45,"href":"https:\/\/www.numerosdeangeles.com\/site\/wp-json\/wp\/v2\/pages\/772\/revisions"}],"predecessor-version":[{"id":1125,"href":"https:\/\/www.numerosdeangeles.com\/site\/wp-json\/wp\/v2\/pages\/772\/revisions\/1125"}],"wp:attachment":[{"href":"https:\/\/www.numerosdeangeles.com\/site\/wp-json\/wp\/v2\/media?parent=772"}],"curies":[{"name":"wp","href":"https:\/\/api.w.org\/{rel}","templated":true}]}}